reatest common divisor of 184258 and 62098?
1018
What is the greatest common factor of 208210525 and 25?
25
Calculate the greatest common divisor of 89580 and 1880.
20
What is the highest common factor of 619 and 2271995551?
619
Calculate the greatest common divisor of 4 and 9098323.
1
What is the highest common factor of 2160357 and 1349?
19
What is the greatest common divisor of 29986 and 884070?
1034
What is the highest common factor of 89 and 55057?
1
Calculate the greatest common factor of 348 and 29524378.
58
Calculate the highest common factor of 672130525 and 550.
275
What is the greatest common factor of 6644825 and 20?
5
What is the highest common divisor of 156 and 9041448?
156
What is the greatest common divisor of 782710 and 725?
145
What is the greatest common divisor of 2226 and 66451188?
318
Calculate the highest common divisor of 184261 and 1979011.
2393
What is the highest common divisor of 76163238 and 18?
18
Calculate the greatest common divisor of 76615 and 264823230.
6965
Calculate the greatest common factor of 208409535 and 2655.
2655
What is the greatest common factor of 148720 and 5330?
130
What is the highest common divisor of 364 and 7606340?
28
Calculate the highest common divisor of 8708 and 26291629.
2177
Calculate the greatest common divisor of 889 and 45737272.
889
What is the highest common divisor of 267572 and 1383160?
604
Calculate the greatest common divisor of 1486 and 17662596.
1486
Calculate the highest common divisor of 56 and 55159076.
28
Calculate the highest common divisor of 53736 and 839232.
24
What is the highest common divisor of 558170 and 115?
5
What is the greatest common factor of 784758072 and 48636?
16212
Calculate the greatest common divisor of 20310 and 147570.
30
Calculate the greatest common divisor of 12257 and 324513.
119
What is the greatest common factor of 342221 and 885577?
583
Calculate the highest common divisor of 77464 and 1960.
8
Calculate the highest common factor of 13722680 and 226152.
2792
What is the greatest common factor of 41 and 545545467?
41
What is the highest common factor of 110892 and 91496?
4
Calculate the greatest common divisor of 1250 and 21881875.
625
What is the greatest common divisor of 65136348 and 43548?
2292
What is the highest common divisor of 4914 and 135701622?
378
Calculate the highest common divisor of 164020 and 1604060.
2780
Calculate the highest common factor of 40 and 8830064.
8
Calculate the greatest common divisor of 10087 and 10450517.
77
What is the greatest common divisor of 136081928 and 2752?
344
What is the highest common divisor of 107 and 2803?
1
What is the greatest common divisor of 19190 and 356833?
101
Calculate the highest common factor of 7020 and 322855.
65
What is the greatest common factor of 1756773 and 8010?
9
Calculate the greatest common factor of 16674 and 49.
7
Calculate the highest common divisor of 126 and 4162438.
14
What is the highest common factor of 53924 and 3175172?
3172
Calculate the highest common factor of 2703080 and 920.
40
Calculate the greatest common divisor of 1380 and 638595.
345
What is the highest common divisor of 9261784 and 784?
392
What is the greatest common factor of 435844101 and 16814?
8407
Calculate the highest common factor of 167240 and 141928.
904
What is the highest common divisor of 2467152 and 312?
24
Calculate the greatest common factor of 78476297 and 37.
37
What is the greatest common divisor of 118 and 40288209?
59
Calculate the greatest common factor of 85205470 and 3360.
70
What is the highest common divisor of 12279429 and 81?
9
Calculate the highest common factor of 436 and 204582754.
218
Calculate the highest common divisor of 1025 and 11636907.
41
Calculate the highest common factor of 2954175 and 29325.
1275
Calculate the highest common divisor of 2873165 and 4411.
401
What is the greatest common divisor of 19679 and 74404?
11
What is the greatest common divisor of 120582400 and 512?
256
What is the highest common divisor of 74650472 and 208?
104
Calculate the greatest common factor of 50715 and 336260.
115
Calculate the highest common factor of 6 and 662760.
6
What is the highest common factor of 42 and 13159083?
21
What is the greatest common factor of 29227 and 62249?
11
Calculate the greatest common factor of 338 and 175205342.
338
What is the greatest common factor of 12886 and 884888063?
6443
Calculate the highest common factor of 212294 and 17542.
358
What is the highest common divisor of 4430070 and 129240?
90
What is the greatest common divisor of 6525843 and 2493?
831
Calculate the highest common factor of 325953902 and 1922.
1922
Calculate the highest common divisor of 1105331 and 63919.
1559
What is the greatest common factor of 11124 and 275057586?
5562
What is the greatest common factor of 574551999 and 294?
147
Calculate the highest common divisor of 26486 and 6682262.
1558
What is the greatest common factor of 23494200 and 6600?
600
What is the highest common factor of 2171 and 1091415?
13
What is the greatest common factor of 813 and 10425099?
813
Calculate the highest common divisor of 114 and 77532369.
57
Calculate the greatest common factor of 5343769 and 931.
19
What is the highest common divisor of 67 and 3777?
1
What is the greatest common factor of 153 and 525549288?
51
Calculate the greatest common divisor of 6453 and 1097361.
27
What is the highest common divisor of 25 and 95017460?
5
Calculate the highest common divisor of 632008 and 340106.
2678
Calculate the highest common factor of 4383 and 6121103.
487
What is the greatest common divisor of 227368 and 5238?
194
Calculate the highest common factor of 967284 and 2556.
36
What is the highest common divisor of 31487 and 417036?
23
Calculate the greatest common factor of 4560 and 181920.
240
Calculate the greatest common divisor of 45 and 3020835.
15
Calculate the highest common factor of 1398 and 1815966.
6
What is the greatest common factor of 95200 and 29575?
175
Calculate the highest common factor of 10161 and 23409.
9
Calculate the greatest common factor of 3734527 and 25555.
269
What is the highest common factor of 1422615 and 1145?
5
What is the highest common factor of 7984189 and 269?
269
Calculate the highest common divisor of 75052 and 17901196.
2588
What is the greatest common divisor of 108 and 909312?
12
Calculate the highest common divisor of 1986653 and 452.
113
What is the highest common divisor of 4508 and 632002?
98
What is the highest common divisor of 94194947 and 7?
7
What is the highest common divisor of 4771781 and 85?
17
What is the greatest common factor of 20 and 97210?
10
What is the greatest common factor of 4640630 and 30?
10
Calculate the highest common factor of 112 and 1528282.
14
Calculate the greatest common divisor of 23 and 1387291.
23
What is the highest common divisor of 3122 and 18088868?
3122
Calculate the highest common divisor of 415 and 20528224.
83
What is the greatest common divisor of 5453613 and 1364?
341
What is the greatest common divisor of 7264 and 445642768?
3632
What is the greatest common factor of 231420 and 7881504?
6612
Calculate the greatest common divisor of 17928482 and 286.
286
What is the greatest common divisor of 2216 and 160457236?
1108
What is the highest common divisor of 75908985 and 795?
795
Calculate the highest common factor of 1575383 and 755.
151
Calculate the greatest common divisor of 8658 and 332426574.
666
Calculate the highest common factor of 86 and 16619027.
43
What is the greatest common divisor of 37206 and 297?
27
Calculate the highest common divisor of 555 and 499020.
15
Calculate the greatest common factor of 10824 and 2212524.
492
What is the highest common factor of 54712 and 271544?
56
Calculate the greatest common divisor of 286440 and 347578.
154
What is the greatest common factor of 521478 and 2403756?
486
Calculate the greatest common factor of 5056579 and 927.
103
What is the greatest common divisor of 326492061 and 2583?
861
What is the greatest common factor of 881093940 and 876?
876
Calculate the highest common factor of 14126567 and 3823456.
9191
Calculate the greatest common factor of 5199514 and 916738.
6998
Calculate the highest common divisor of 264 and 57140754.
66
Calculate the highest co